 u?
7, 11
Suppose -3*t + 5*d + 7875 = 0, 2635 = t + 5*d - 10*d. List the prime factors of t.
2, 5, 131
Let o be (-19 - -18)/(1/(-6)*1). Suppose 0 = o*g - 220 + 88. What are the prime factors of g?
2, 11
Let x be (12/(-15))/(1/(-5)). Let b = x + 3. Suppose -b*p + 3*p + 68 = 0. What are the prime factors of p?
17
Let x(j) = 142*j**2 - 2*j + 3. What are the prime factors of x(2)?
3, 7
Let k(c) = 4*c**3 - 2*c**2 - 3*c - 7. Let m(b) = -2*b**3 + b**2 + b + 3. Let j(g) = 2*k(g) + 5*m(g). What are the prime factors of j(-3)?
67
Suppose -2*o + 684 = 5*t, -3*t = 5*o + t - 1727. What are the prime factors of o?
347
Suppose -3*r - 5 = -2. List the prime factors of (r + -11)*60/(-16).
3, 5
Let r be 4/10 - (-2126)/10. Let w = 311 - r. What are the prime factors of w?
2, 7
Let v(u) = 6*u + 484. What are the prime factors of v(0)?
2, 11
Let u(y) be the first derivative of -y**2/2 + 5*y + 1. Let l be u(3). Suppose 3*v = -l*n - 0*n + 78, -2*v + n = -52. List the prime factors of v.
2, 13
Let i be (0 + 2)*(18172/8)/7. List the prime factors of 3 + i/3 - 4/(-6).
2, 5, 11
Let y(w) = -w**2 - 7*w - 3. Let u be y(-4). List the prime factors of (2 + -2 + -1)*(-64 - u).
73
List the prime factors of (-11 + 1)/(((-210)/20)/21).
2, 5
Let s(u) = u**2 + 15*u - 11. Let m be s(-16). Let c be 5/(m/(-14)) - 2. Let p = 48 + c. What are the prime factors of p?
2
Let n(m) be the second derivative of -11/6*m**3 + 0 - 1/12*m**4 - 3/2*m**2 + m. What are the prime factors of n(-6)?
3
Suppose 0 = 4*h - 3*q - 18012, 0 = 5*h + 2*q - 19296 - 3196. List the prime factors of h.
2, 3, 5
Suppose z - 125 = 127. Let x = z + -99. List the prime factors of x.
3, 17
Let v(o) = 16*o - 3. What are the prime factors of v(22)?
349
Let t(n) = 42*n + 1. Let y be t(-8). Let k = -222 - y. What are the prime factors of k?
113
Let k = -51 + 21. What are the prime factors of k/(-4)*78/9?
5, 13
Let w(v) = v**2 + 4*v + 1. Let k be w(-6). Let a = k - 21. List the prime factors of 2/a - 552/(-32).
17
Let r(i) = 35*i**2 + 7*i + 36. What are the prime factors of r(-3)?
2, 3, 5, 11
Suppose -5624 = 4*w + 5248. List the prime factors of w/(-30) - (-4)/10.
7, 13
Let m = 6468 - 3059. List the prime factors of m.
7, 487
Let k(a) = a**2 + 8*a + 10. Let j be k(-7). Let i = j - 1. List the prime factors of i/8 + 117/12.
2, 5
Suppose 0*x = -x - 545. What are the prime factors of 2*-4*x/20?
2, 109
Let g = -7 + 12. Suppose -4*w + g*h = -118, 2*w + 2*h = 3*w - 28. What are the prime factors of w?
2
Let z = -1104 + 1739. List the prime factors of z.
5, 127
Let x be 0 + (14520/4)/5. Let f = x - 379. List the prime factors of f.
347
List the prime factors of (3/2)/(81/12906).
239
Let w(t) = 2*t**2 - 62. Let v be w(0). Suppose d - 364 = -3*d. Let p = d + v. List the prime factors of p.
29
Let c be -1*((-69)/3 - -4). Suppose 20 = -15*g + c*g. What are the prime factors of 58/g*(-5)/(-2)?
29
Let g(k) = 8*k**3 + 2*k - 1. Let i be g(1). Suppose -5*m + 3*v + 21 = -2*m, 3*v + i = 0. Suppose m*u - 164 = -0*u. List the prime factors of u.
41
Suppose -b + 4*c = 4*b + 15, -4*c = -2*b - 18. Let u(x) = 38*x - 7. What are the prime factors of u(b)?
31
Let f be (-4)/(-12*1)*-9. Let n be (-2)/3 + (-44)/(-12). What are the prime factors of (n + -2)*f + 20?
17
Let u = 7 - 6. Let c = -1 + u. Suppose f + c*f = 11. List the prime factors of f.
11
Suppose -17 = -3*u + y, -y - 2 = u - 1. Let a be (-75)/(-7) + u/14. What are the prime factors of (-8 + a)/((-6)/(-16))?
2
Let u(q) = -q**2 - 23*q + 24. Let l be u(-24). Suppose -2*r + l*z + 75 = 5*z, 4*z + 101 = 3*r. List the prime factors of r.
5, 7
Suppose 8 - 23 = -5*p. What are the prime factors of 13/(-39) - (-85)/p?
2, 7
Suppose 7*u + 109 - 1775 = 0. What are the prime factors of u?
2, 7, 17
Suppose 5*k - 7 = 2*s, 4*s = -3*k - 0*s + 25. Suppose -k*l = -0*t - 3*t + 18, 4*l = -2*t + 6. List the prime factors of -3 - (l + 2)*-12.
3
Let u = 1430 + -526. What are the prime factors of u?
2, 113
Suppose 4 = -3*h + b, -2*h = 3*h + 3*b + 2. Let i be ((-1)/(-1))/(h/(-2)). Suppose 74 = i*c - s, 2*c - 74 = 4*s - 2*s. What are the prime factors of c?
37
Let d = -157 - -809. List the prime factors of d.
2, 163
Suppose -p + 2*p = 4*r - 29, 4*r - 20 = 0. Let d = -14 - p. Let l(y) = -y**2 - 7*y + 5. List the prime factors of l(d).
3, 5
Suppose -3*j + 6*j = 3081. List the prime factors of j.
13, 79
Suppose 3*b + 3*n - 27 = 0, 5*b + 2*n - 37 = -n. Let t = b + 51. List the prime factors of t.
2, 7
Let q(f) = -f - 21. Let u be q(-13). List the prime factors of -235*(u/30)/(38/171).
2, 3, 47
What are the prime factors of ((-92)/(-36) - 3) + 32536/63?
2, 3, 43
Let g = -21 + 474. What are the prime factors of g?
3, 151
Suppose -3*w = -12, -2*l + 4 = 3*w - 4. What are the prime factors of l/3 + (-952)/(-24)?
3, 13
Let j be (-4)/(-14) - 15660/(-70). Suppose 0 = 2*f - k - k - j, -3*k - 220 = -2*f. What are the prime factors of f?
2, 29
Let l = 83 + -83. Let s be ((-5)/(-2))/(2/12). Suppose l = -3*q + s + 12. What are the prime factors of q?
3
Let r be (-1 - 2)*1*-8. Suppose 16 = l - 9*l. Let s = r + l. List the prime factors of s.
2, 11
Let v = 476 - 332. What are the prime factors of v?
2, 3
Let w(s) = -s**3 - s**2 + s - 10. Let i be w(0). Let q be 3 + -3 - 2*i. Suppose o - 2 = -o, 4*o = 3*x - q. List the prime factors of x.
2
Suppose 5*d = 3838 - 563. What are the prime factors of d?
5, 131
List the prime factors of (-39414)/36*-2 - (-20)/15.
7, 313
Suppose -10 = 5*y + 30. Let t be y*4/(-4*2). Suppose t*i = i + 60. What are the prime factors of i?
2, 5
Let y(x) = -x**2 + 5*x - 1. Let t be y(4). Suppose k - 17 = -4*n + 6*n, t*k - 3*n = 57. What are the prime factors of (-19)/(-4) - k/28?
2
Let j(u) = 107*u**2 + 1. List the prime factors of j(2).
3, 11, 13
Suppose 55 = -4*v - 89. Let k = v - -55. List the prime factors of k.
19
Let k be 1 + (-1 + 1 + 2 - 1). Suppose 2 = k*q - 4. What are the prime factors of q?
3
Suppose -3*f + 30 = 5*n, 4*n = -3*f + 37 - 10. Suppose 3*v - 289 = 9*b - 4*b, -n*v + b = -293. What are the prime factors of v?
2, 7
Let r(n) = 8*n**3 - 2*n**2 - n - 8. Suppose 1 + 8 = 3*j, -2*s = -5*j + 9. What are the prime factors of r(s)?
11, 17
Suppose -164 + 29 = -5*g. Suppose -r + 55 = 4*s, -2*s - 4 = 5*r - g. Suppose -2*k + s = -8. What are the prime factors of k?
11
Let a = -1030 - -1490. Suppose -4*c - c = -a. List the prime factors of c.
2, 23
Suppose 50*y = 53*y - 24. List the prime factors of (-7)/((-28)/3) + 66/y.
3
Let b(l) = -2*l**2 + 90*l + 22. List the prime factors of b(37).
2, 307
Let b(l) = 3*l**3 + 2*l**2 - 1. Suppose 0 = -5*u - 4*g + 7, -4*u = -2*g + 7 + 3. Let z be b(u). Let w = 17 + z. What are the prime factors of w?
3, 5
Let m(t) = -t**3 - 12*t**2 + t + 12. Let y be m(-12). List the prime factors of 129*(-3 + 5 - (y - -1)).
3, 43
Suppose -3*g + 97 = 5*k - 199, 4*g + 166 = 3*k. Suppose 63*t - 330 = k*t. What are the prime factors of t?
2, 3, 11
Suppose -4*h - 40 = -9*h. Suppose -2*s + 124 = h. List the prime factors of s.
2, 29
Suppose -67*p = -207683 + 17001. What are the prime factors of p?
2, 1423
Let h be (-3)/4*(-50 + -2). Let d = -21 + h. List the prime factors of 30/(-4)*(-60)/d.
5
Let h be (-244)/12*-1 - (-3)/(-9). Let i = 108 + h. What are the prime factors of i?
2
Suppose 4*s = 10*s - 1284. What are the prime factors of s?
2, 107
Let g = -2474 + 5713. List the prime factors of g.
41, 79
Let x = 12 + -2. Let h = -59 + 61. Suppose 3*u - x = h. What are the prime factors of u?
2
Let x be (-2)/12 - (-5726)/84. Let a = x + 41. Let w = 160 - a. What are the prime factors of w?
3, 17
Let g be (-6)/4*(-3)/(-9)*-4. Let f = 0 + 2. Suppose -g*d + 42 - f = 0. List the prime factors of d.
2, 5
Let g = 3615 - 2342. What are the prime factors of g?
19, 67
What are the prime factors of (14/(84/(-2678)))/(3/(-9))?
13, 103
Let g(w) = 3*w**2 + 4*w. Let y be g(4). Let u = 64 + -35. Let l = y - u. List the prime factors of l.
5, 7
Let h be -1 - (1 - (11 + 3)). Let n be ((-6)/(-4))/(h/(-32)). Let q = 6 + n. What are the prime factors of q?
2
Let h(m) = 3*m**2 - 16*m - 316. List the prime factors of h(24).
2, 257
Suppose 0 = 4*c + 5*w - 39, 5*c + 2*w - 33 = w. Let n = 14 - c. List the prime factors of n.
2
Let v(g) = -16*g - 3 - 6 + 44*g + 1. Let l be v(6). Suppose 0 = -2*f - 2 + l. List the prime fac